1b - 107?
-123
In base 12, what is 90 + 0?
90
In base 12, what is -24 - 82?
-a6
In base 5, what is -30111 + 1?
-30110
In base 15, what is -28 - -9?
-1e
In base 11, what is -1 - 1678?
-1679
In base 2, what is 1 - 111?
-110
In base 3, what is 11 - -1221?
2002
In base 15, what is -24 - -172?
14d
In base 12, what is 3 - 39?
-36
In base 7, what is -11463 + 4?
-11456
In base 11, what is 8202 + -3?
81aa
In base 11, what is -5a + 5?
-55
In base 3, what is 11 + -120200?
-120112
In base 10, what is -8 - 7?
-15
In base 13, what is 8 - -4b?
56
In base 8, what is -1 - 3?
-4
In base 12, what is 6 - 0?
6
In base 7, what is 10143 - -13?
10156
In base 7, what is 503 + -60?
413
In base 9, what is -283 - -5?
-277
In base 14, what is 77 - 9?
6c
In base 8, what is -31 + 16?
-13
In base 11, what is -6562 - -1?
-6561
In base 13, what is 2 + 495?
497
In base 6, what is -11525 - 4?
-11533
In base 4, what is -10 + -2231?
-2301
In base 10, what is -7 + 19?
12
In base 7, what is 32410 - -4?
32414
In base 10, what is -1116 - -1?
-1115
In base 3, what is -10 - 12102?
-12112
In base 14, what is 32 + 5?
37
In base 15, what is -781 - 1?
-782
In base 12, what is -1 - -a2?
a1
In base 2, what is 10010010 - 10?
10010000
In base 5, what is 1130 + 0?
1130
In base 6, what is -143 - -104?
-35
In base 10, what is -36 + -307?
-343
In base 11, what is -2610 + 2?
-2609
In base 7, what is 10 + -1154?
-1144
In base 15, what is 1 + -10?
-e
In base 15, what is 15 + 22?
37
In base 8, what is -370 + -245?
-635
In base 3, what is 11122 + -10?
11112
In base 2, what is -10 + 1111?
1101
In base 15, what is 5 + e4?
e9
In base 4, what is 230 + 2?
232
In base 7, what is 114366 - -3?
114402
In base 5, what is 0 - 113?
-113
In base 4, what is 202 + -3?
133
In base 6, what is 104 - -513?
1021
In base 14, what is -20 + 3?
-1b
In base 14, what is d303 - 3?
d300
In base 9, what is -5 + 35?
30
In base 8, what is 5 + -2?
3
In base 6, what is -153122 + 2?
-153120
In base 14, what is 4 + -11d?
-119
In base 7, what is -10 - -2410?
2400
In base 5, what is 1 + -4213?
-4212
In base 12, what is -190 + 24?
-168
In base 15, what is -59e + -1?
-5a0
In base 16, what is -5 + -46?
-4b
In base 13, what is 37 - 149?
-112
In base 4, what is 111213 - -2?
111221
In base 8, what is -21 + 11?
-10
In base 5, what is -2024 + 223?
-1301
In base 10, what is -185 + -91?
-276
In base 8, what is 3 + -3454?
-3451
In base 4, what is 12 - 201220?
-201202
In base 15, what is 8 - -1?
9
In base 9, what is 4815 - -3?
4818
In base 3, what is -211 - 111?
-1022
In base 6, what is 20 + 30?
50
In base 11, what is -1 + -77?
-78
In base 9, what is -54 + -141?
-205
In base 9, what is -116 + -1?
-117
In base 14, what is 5 - 249?
-244
In base 11, what is 11 + 449?
45a
In base 3, what is 1 - -2102?
2110
In base 9, what is -3 - -7?
4
In base 5, what is 1012 + -14?
443
In base 12, what is 0 + 2?
2
In base 4, what is -200213 - 10?
-200223
In base 13, what is 0 + -170?
-170
In base 4, what is 2 - 123?
-121
In base 11, what is 4 + -7243?
-723a
In base 3, what is -22001002 - -12?
-22000220
In base 4, what is 2 - 102333?
-102331
In base 7, what is 55 - 163?
-105
In base 7, what is -13 - -6?
-4
In base 7, what is -111 + -3?
-114
In base 12, what is 4 + -24?
-20
In base 3, what is -1012 + -101?
-1120
In base 3, what is -1210 - -22202?
20222
In base 10, what is -1 + -2805?
-2806
In base 10, what is -5 - 42?
-47
In base 6, what is 5 + 24?
33
In base 13, what is b - 199?
-18b
In base 9, what is -200 + -4?
-204
In base 4, what is 32 - -32?
130
In base 9, what is 51 - -18?
70
In base 5, what is -412 + 11?
-401
In base 6, what is 4 + 1232?
1240
In base 11, what is -1115 - 5?
-111a
In base 10, what is 37 + 135?
172
In base 4, what is -23122 - 131?
-23313
In base 15, what is 6 + -5?
1
In base 7, what is 4161 - -2?
4163
In base 16, what is -11b - -4?
-117
In base 9, what is -100 - 3?
-103
In base 15, what is 8b - 4?
87
In base 11, what is -1 - 3181?
-3182
In base 11, what is 4 - -473?
477
In base 14, what is c + -9?
3
In base 3, what is 11201210 - 2?
11201201
In base 9, what is -5 + 6?
1
In base 10, what is -4 + -44?
-48
In base 10, what is 167 - 2?
165
In base 16, what is 5 + 2d3?
2d8
In base 4, what is 223021 - 1?
223020
In base 4, what is -11 - 31102?
-31113
In base 5, what is 1 - 430?
-424
In base 2, what is -1 - -110000110011?
110000110010
In base 4, what is 21302 - -10?
21312
In base 6, what is 3 + 43530?
43533
In base 15, what is 2de - 6?
2d8
In base 11, what is -46 + -1?
-47
In base 10, what is 314 + -3?
311
In base 15, what is c6 - -1?
c7
In base 11, what is 4 - -530?
534
In base 12, what is -2 - -76?
74
In base 11, what is 17 - -1a?
36
In base 8, what is -7 - -13?
4
In base 16, what is -13 + -5?
-18
In base 5, what is 214 + 3?
222
In base 16, what is 1 + -1c?
-1b
In base 10, what is -5 - 154?
-159
In base 11, what is 7881 - 5?
7877
In base 7, what is 340 + -3?
334
In base 7, what is -110523 - -1?
-110522
In base 4, what is -320200 + 0?
-320200
In base 15, what is -24 - -b?
-18
In base 11, what is -3 + -1?
-4
In base 13, what is 28bc - 2?
28ba
In base 3, what is 11200 + 1000?
12200
In base 6, what is 0 - 2503?
-2503
In base 13, what is 2a6 + -c?
297
In base 10, what is -5 - -756?
751
In base 6, what is 1 - 1?
0
In base 14, what is 1 + -b2?
-b1
In base 7, what is 51 - -25?
106
In base 15, what is -5 + 178?
173
In base 15, what is 127 + 18?
140
In base 10, what is -5 + -2042?
-2047
In base 11, what is 77 + 7?
83
In base 11, what is -10968 + -4?
-10971
In base 4, what is -1132 + -10?
-1202
In base 2, what is 111 + 1001000110?
1001001101
In base 16, what is -6 + 2e1?
2db
In base 12, what is -232 - 12?
-244
In base 7, what is -340 + 0?
-340
In base 14, what is -7 - -34?
2b
In base 13, what is -25 + 13?
-12
In base 16, what is -30 + 2?
-2e
In base 3, what is 1210 - -111?
2021
In base 13, what is 1 - -2368?
2369
In base 6, what is 103 - -3?
110
In base 6, what is 232 + 4?
240
In base 11, what is -3428 - 2?
-342a
In base 2, what is -1110110 + 1?
-1110101
In base 9, what is -5055 + 4?
-5051
In base 13, what is -1 + 174?
173
In base 6, what is -32 - -4?
-24
In base 3, what is -110122 + 12?
-110110
In base 7, what is -4 + 1340?
1333
In base 16, what is 4 - 143?
-13f
In base 10, what is 597 - 1?
596
In base 5, what is 143 - 1024?
-331
In base 16, what is 0 - -3e?
3e
In base 13, what is 152 - b?
144
In base 2, what is 1010110 - -1010?
1100000
In base 3, what is 12 + -2222?
-2210
In base 3, what is -1000 - -2211?
1211
In base 4, what is -122301 + 2?
-122233
In base 7, what is -2512 - 13?
-2525
In base 7, what is -556 + 10?
-546
In base 15, what is -951 - -1?
-950
In base 12, what is 6b + 65?
114
In base 5, what is -2240 + 12?
-2223
In base 10, what is 5 - -786?
791
In base 3, what is 10 - 1011?
-1001
In base 9, what is -4 - -25?
21
In base 10, what is -66 - 5?
-71
In base 11, what is -14 + -12?
-26
In base 2, what is -111001 - -11110?
-11011
In base 4, what is -11221 - -3?
-11212
In base 16, what is -1273 + 5?
-126e
In base 4, what is -112 - -103?
-3
In base 10, what is -5 - 459?
-464
In base 10, what is -1695 + 2?
-1693
In base 16, what is -2 - 1654?
-1656
In base 12, what is 1 - 109?
-108
In base 10, what is 547 + 0?
547
In base 8, what is 41 - -1111?
1152
In base 7, what is 4302 + -4?
4265
In base 14, what is -c + -8?
-16
In base 12, what is 14 + 29?
41
In base 9, what is -52 - -11?
-41
In base 9, what is -30 + -2?
-32
In base 12, what is 5 - 17a6?
-17a1
In base 2, what is -10000 - -10011?
11
In base 5, what is 2102 + -1?
2101
In base 4, what is -1013023 - -2?
-1013021
In base 12, what is 3 + 301?
304
In base 16, what is -2 - -391?
38f
In base 16, what is -4 + d8?
d4
In base 12, what is 5 - 1163?
-115a
In base 16, what is 33 - 25?
e
In base 10, what is 2039 + -3?
2036
In base 6, what is -12123 + 1?
-12122
In base 5, what is -42 - -4?
-33
In base 3, what is -21222012 - 11?
-21222100
In base 8, what is -162 + 124?
-36
In base 7, what is -120501 + 5?
-120463
In base 4, what is 1100311 - 0?
1100311
In base 6, what is -142 + 13?
-125
In base 11, what is -3 + 110?
108
In base 8, what is -3 - -245?
242
In base 16, what is 1f6 - 0?
1f6
In base 10, what is -1005 + -3?
-1008
In base 5, what is -1234 - 1?
-1240
In base 6, what is 1133 + -3?
1130
In base 13, what is -2 + 940?
93